pose 5*u - c = 635. What is the greatest common divisor of u and 14?
14
Let s be (-5945)/(-203) + (-2)/7. What is the highest common factor of s and 87?
29
Suppose 6*s + 550 = 17*s. Suppose -24 = l - 5*l. Let t be (-10)/(-8)*(26 - l). Calculate the greatest common factor of s and t.
25
Let m(p) = 17*p**3 + p**2 - 3*p + 1. Let c be m(1). Suppose 0*l + 3*l - 123 = -3*t, -4*l = c. What is the greatest common factor of 360 and t?
45
Let h(q) be the first derivative of 5*q**2/2 + 3*q - 5. Let m be h(6). What is the highest common factor of 11 and m?
11
Suppose 5*u - 756 - 844 = 0. Suppose u + 30 = 5*l + 2*i, 5*l = -3*i + 345. What is the highest common factor of l and 12?
12
Let r(m) = 2*m**2 + 11*m + 3*m**2 + 6*m**2 + 0*m**3 + m**3 + 9. Let b be r(-10). Let a = b - -6. Calculate the highest common factor of a and 5.
5
Suppose 0 = 5*q - 985 - 120. Suppose -15*p - 2*p = -q. What is the highest common divisor of p and 143?
13
Suppose -37*w = -47*w + 20. What is the highest common factor of 32 and w?
2
Let q be -258 + 266 - 2/(-2). Let k(w) = -33*w - 3. Let c be k(-2). What is the greatest common factor of c and q?
9
Let g(l) = 5*l**2 + 19*l - 114. Let t be g(7). What is the greatest common factor of t and 24?
24
Suppose 20*w - 5089 = 2651. What is the highest common divisor of w and 45?
9
Let k(l) be the first derivative of l**3/3 - 2*l**2 + 2*l + 3. Let p be k(7). Let w be (100/(-15))/(4/(-138)). Calculate the greatest common divisor of p and w.
23
Let s(k) = -3*k**2 + 28*k + 12. Let b be s(9). Calculate the highest common divisor of b and 294.
21
Let v = 12 - 7. Suppose -v*h + 3*h + 48 = 0. Calculate the greatest common divisor of h and 36.
12
Let m(l) = 3*l**2 + 3*l - 5. Let c be m(-3). Calculate the greatest common factor of c and 117.
13
Suppose 0*f = 2*f - 4, x = -4*f + 22. What is the highest common factor of x and 1498?
14
Let f = -131 - -144. Let o be 65*(-3 - 51/(-15)). What is the highest common factor of o and f?
13
Let n be ((-4)/(-10))/((-2)/(-80)). Suppose n = -3*u + 4*u. Let g be (-1)/(-3) - 5/(-3). What is the greatest common divisor of u and g?
2
Let d = -24 - -45. Let k = -6 + 4. Let r be 4/((-16)/6)*k. Calculate the greatest common divisor of d and r.
3
Let o be (2 - 1) + 2*-2. Let f be (-115)/(-15) - 1/o. Calculate the greatest common divisor of 12 and f.
4
Let v(o) = 2*o**3 + o**2 - o - 1. Let w be v(2). Suppose w = -5*i - 8. Let k be i/(-7) + 12/42. What is the highest common divisor of k and 8?
1
Let r = -502 + 902. Calculate the highest common factor of 550 and r.
50
Suppose -34*b + 480 = -24*b. Suppose 0 = 5*z - 51 - 29. Calculate the highest common divisor of b and z.
16
Suppose -4*u + b + 34 = 0, -5*u + 32 + 9 = -2*b. What is the highest common divisor of u and 147?
3
Suppose 7*x - 9 + 2 = 0. Let a be x/((-3)/10*4/(-12)). Suppose -7*v + 10*v = 90. Calculate the highest common factor of v and a.
10
Let k = 148 + -148. Suppose -o + 0 = -3. Let t be (k - o)*16/(-12). What is the highest common divisor of 2 and t?
2
Let p(j) = -j**2 - 7*j - 6. Let a be p(-6). Suppose a = c + 5*c - 450. Let f(i) = -i**2 + i + 25. Let l be f(0). What is the greatest common factor of l and c?
25
Let n be 13/(57 + -5) + (-2027)/(-4). Calculate the highest common factor of n and 39.
39
Suppose -14*s + 66 + 46 = 0. What is the highest common factor of s and 248?
8
Suppose -9*u + 60 = -183. Let f be 46/14 + 6/(-21). Calculate the greatest common divisor of f and u.
3
Let i = 1438 + -1308. Let u(w) = -w**3 - 3*w**2 + w - 2. Let s be u(-4). Calculate the greatest common divisor of s and i.
10
Suppose 3*y - h - 50 = 0, 0 = 4*h + 31 - 23. What is the highest common divisor of 1000 and y?
8
Let d(w) = w**2 + 9*w + 20. Let b be d(-6). Suppose 36 = 2*u + 5*l, -b*l - 2*l = -5*u + 24. Calculate the greatest common factor of 8 and u.
8
Suppose 4*o - 24 = 32. Suppose -105*y + 2767 = -104*y. Suppose -611 + y = 14*h. What is the highest common factor of o and h?
14
Let m = 14 + -3. Let g(z) be the first derivative of z**4/2 - 3*z**3 + z**2/2 + 7*z - 19. Let q be g(6). What is the highest common factor of m and q?
11
Let o = 1851 - 1814. What is the greatest common factor of o and 1147?
37
Let a(p) = -35*p + 2. Suppose -k - 4 = k. Let u be a(k). What is the highest common divisor of u and 9?
9
Suppose 5*h + 0*h - 20 = 0. Let k(r) = 27*r - 6. Let x be k(4). Let t = -70 + x. Calculate the highest common factor of h and t.
4
Suppose y - 12*m = -9*m + 228, -y + 238 = 2*m. What is the highest common factor of 36 and y?
18
Suppose -4*c - 3 - 9 = 0. Let t(u) = u**3 + 4*u**2 - 2*u. Let b be t(c). Suppose j - 420 = -3*j. What is the highest common divisor of j and b?
15
Suppose 3*j = -j - 4*u + 40, -4*j - u = -55. Calculate the greatest common factor of j and 33.
3
Let u(l) = -l**2 - 30*l - 108. Let j be u(-25). Calculate the greatest common divisor of 459 and j.
17
Let h be -114*3/(-6) + -1. Let k(g) = 4*g. Let p(u) = -u**2 + 3*u + 2. Let t be p(3). Let y be k(t). Calculate the highest common factor of h and y.
8
Let u be ((-21)/(-1) + 7)*5. What is the highest common divisor of u and 252?
28
Suppose p - 10 = 14. Suppose -p = -4*z - 0*z. Let k be z/(-8) + (-234)/(-24). What is the highest common factor of k and 9?
9
Suppose -4*z - 11 - 32 = -3*s, -4*s = 5*z + 15. Let g be z/3*(-56 + 14). Suppose q + 3 = 17. Calculate the highest common divisor of q and g.
14
Let h = 33 - -66. Let b be (-22)/(-8)*(2 + 2). What is the highest common divisor of h and b?
11
Suppose -j + 21 + 176 = -3*z, 2*z = 3*j - 563. Let m(w) = 8*w**2 - 2*w**2 - 5 + 3*w + 3*w**2. Let s be m(2). Calculate the highest common factor of s and j.
37
Let y = -1482 + 1504. Let d = -92 + 158. Calculate the highest common factor of d and y.
22
Suppose -3*a - 2*w + 1011 = 0, 0 = -6*a + 5*a - 4*w + 327. What is the greatest common divisor of a and 3?
3
Suppose 2*b - 396 = -4*v, 2*v - b - 105 = 97. Suppose -v = -2*p - 3*p. Let w be (0 + 10)/((-4)/(-20)). What is the highest common divisor of p and w?
10
Let d be (-33)/165 + 1353/15 + 0. Calculate the highest common factor of 54 and d.
18
Suppose -257 = -5*p + 58. Let b(n) = 7*n - 7. Let u be b(4). Calculate the highest common divisor of u and p.
21
Suppose 9*s = 4*s + 15. Let q be (4/10)/(s/135). Let r = 3 + -1. Calculate the highest common divisor of r and q.
2
Let k = -119 + 135. Let o(m) = m - 1. Let l be o(1). Let x = l + 2. What is the highest common factor of k and x?
2
Let h be 447/9 + 2/6. Let i be ((-825)/h)/(1/(-8)). What is the highest common factor of 12 and i?
12
Suppose -2*y - 7307 = -7375. What is the greatest common divisor of 850 and y?
34
Suppose 95*q + 2093 = 10453. What is the highest common divisor of q and 66?
22
Let u = 10 - 2. Suppose x + 5*c = 21, -5*x + 24 = 2*c - 12. Let v be (x/(-4))/(114/(-96) - -1). Calculate the greatest common factor of u and v.
8
Let d be (-18)/4 + (-10)/(-20). Let t be (-8)/2 - (-6)/(-1). Let j be (d - 55/t)*114. What is the greatest common divisor of j and 19?
19
Suppose 27*h - 22*h - 10 = 0. Suppose 0 = -2*k + 2*o - 18, -1 + 25 = -h*k - 4*o. Let a be 2/(k/(-4 - 1)). What is the greatest common divisor of 1 and a?
1
Let z be 25/5*1/(-1). Let t be 10/(-25) - 12/z. Suppose 60 = 4*q - h + 3*h, 62 = 4*q + h. What is the highest common factor of q and t?
2
Let a be 0 - 1 - (32 + 3). Let y be (-1 + (-2)/4)*a. Let x = -34 - -40. Calculate the greatest common divisor of x and y.
6
Let a be (-2)/(32/18 + -2). Suppose 6 = r - 10. Let w be 83 - (r/4 - 2). What is the greatest common divisor of a and w?
9
Suppose -2*i - i = 75. Let a be (-6)/15 + (-335)/i. Calculate the highest common divisor of 13 and a.
13
Suppose 0 = -r - 3*r + 3*p + 200, -5*r + 5*p + 250 = 0. Let j be ((-108)/(-30))/((-9)/60). Let i = -14 - j. Calculate the greatest common factor of r and i.
10
Suppose -38 = -0*p - p. Let x be 1/1 - (-11 - (-30)/3). Let s = p + x. Calculate the greatest common divisor of s and 20.
20
Let o(a) = a**3 + 11*a**2 + 10*a + 6. Let t be o(-10). Let u = t - 4. Let c be (-7)/((-14)/4)*(1 - -10). Calculate the highest common divisor of u and c.
2
Let a = 33 + -33. Let f(u) = u**3 + 3*u + 29. Let k be f(a). Let i = 497 - 236. Calculate the greatest common factor of k and i.
29
Let t = -29 + 38. What is the greatest common divisor 